ermine k(z).
4
Let i(x) = -x**3 - x**2 + 3*x + 1. Let q be i(-2). Let v be ((-16)/(q*4))/((-4)/(-3)). Let m(c) = c**2 - 4*c**2 + 0*c + 1 + c + 3. Calculate m(v).
-20
Let a(b) = b**3 - 4*b**2 - 6*b + 3. Let j be a(5). Let p(m) = 611426*m**2 + m - 305714*m**2 + 1 - 305714*m**2 - m**3. What is p(j)?
-1
Suppose 4*b - 23 + 3 = -5*x, 2*x = 5*b + 41. Let m(i) = -i**2 + 8*i - 20. Let q(p) = -3. Let l(k) = -m(k) + 6*q(k). Determine l(x).
2
Let r(k) = -k**3 - 6*k**2 + 5*k - 17. Let f = 359 + -366. What is r(f)?
-3
Suppose -21 = 18*s - 21*s. Suppose 3*f - s = 3*w - 4, 5*f - 4*w - 4 = 0. Let g(u) = -u**2 + u + 6. Determine g(f).
6
Let l be (-2)/20 + 1692/120. Let t be (-3)/(-21) - 100/l. Let z(n) = -n**2 - 7*n - 8. Calculate z(t).
-8
Let s(j) = -3*j + 50 - 52 + 7*j - 5*j**2. Suppose -2*z = z - 30. Suppose 3*r = -4*c - z, 8*r - 4*c - 24 = 4*r. Calculate s(r).
-14
Let p(c) = -c**3 + 1 - 3*c**2 - 2*c + 0*c**2 - c**2 - c**3. Let z be (0 - -3)*(-418)/627. Calculate p(z).
5
Let i(c) be the second derivative of -c**3/6 + 31*c**2/2 + 3*c. Let a be 0/((-35)/(-9) + (-14)/(-103 - 23)). Calculate i(a).
31
Let l(g) = -g**2 - 18*g - 9. Let x = -1367 - -1349. Give l(x).
-9
Let g(i) = -i - 15. Suppose 0 = 5*u + 3*b + 139, 125 - 102 = -u + b. What is g(u)?
11
Let u(g) = 469*g + 5624. Let c be u(-12). Let v(y) = 12*y - 2. Give v(c).
-50
Let n(h) = 2301*h + 5 - 1163*h - 1140*h - 4*h**2. Give n(3).
-37
Let x(g) be the second derivative of g**3 - 19*g**2/2 - 990*g. What is x(8)?
29
Let v(k) = 7*k**2 + 5*k - 8. Let l(r) = 20*r**2 + 15*r - 23. Let j(z) = 6*l(z) - 17*v(z). Let p(a) = a**3 - 20*a**2 + 39*a - 58. Let m be p(18). Calculate j(m).
-6
Suppose -4*w - 22 = 3*g - 6, -4*w - 16 = 0. Suppose -7*o + o - 30 = g. Let f(r) = r**3 + 4*r**2 - 6*r - 6. Calculate f(o).
-1
Let t = -86 + 63. Suppose -4*n - 96 = -4*l, 3*l - 78 = 4*n + 23. Let u = n - t. Let d(p) = p**3 + 5*p**2 - 5*p - 9. Give d(u).
-15
Let b(o) = -10*o**2 + o. Let y(s) be the third derivative of -1/60*s**5 + 13*s**2 + 0*s**3 + 0*s + 0 + 0*s**4. Let q(u) = -b(u) - 6*y(u). What is q(1)?
15
Let m(u) = 8*u**2 - 6*u - 5. Let z be (-120)/55 - 66/(-363). What is m(z)?
39
Let t(v) = -58*v - 356. Let h(d) = -116*d - 712. Let w(o) = 4*h(o) - 9*t(o). Give w(-6).
8
Let d(z) = -z**3 - 2*z**2 - 2*z - 2. Let v be d(-2). Let w(b) = 2 - 26*b + 6*b + 14*b + b**v. Give w(4).
-6
Suppose -2861*x + 47 = -2835*x - 57. Let s(o) = -o**3 - 2*o**2 - 1 + 2*o + 4*o**2 + 2. What is s(x)?
-23
Let t(x) = -3*x - 21. Let m(q) = 5*q**2 - 19*q + 2. Let c be m(3). Determine t(c).
9
Let t(o) = -15 + 2*o**2 - 2*o**2 - o**2 + 5*o + 4*o. Let f = -234 - -240. Give t(f).
3
Let o(d) = 3*d**3 + 5*d**2 - 7*d - 23. Let p(m) = 4*m**3 + 5*m**2 - 6*m - 23. Let u(s) = -3*o(s) + 2*p(s). Let v = 5369 - 5375. Calculate u(v).
5
Let f(y) = y**2 - 7*y + 2*y**2 - 4*y**2 + 91 - 177 + 93. Give f(-5).
17
Let y(c) be the first derivative of -c**5/20 - 2*c**4/3 + 3*c**3/2 - 3*c**2 + 189*c + 196. Let m(x) be the first derivative of y(x). Determine m(-9).
-6
Let f(h) be the second derivative of h**3/6 + 2*h. Suppose 450 = 14*b - 44*b. Let r be 9176/(-930) + 2/b. Determine f(r).
-10
Let f(o) = -3*o + 107. Let i(y) = -3*y + 1. Let c(l) = f(l) + i(l). Let j(m) = 2*m - 27. Let d(r) = -2*c(r) - 9*j(r). Give d(5).
-3
Let z(q) = -1381*q + 9. Let j(v) = 376*v - 2. Let y(n) = 22*j(n) + 6*z(n). Give y(11).
-144
Let y(d) = -1 - 23*d**2 + 35 + 20*d + 24*d**2 + 6 + 2. Calculate y(-18).
6
Suppose 18*i + 2274 = 2004. Let l(w) = w**3 + 17*w**2 + 31*w + 11. Give l(i).
-4
Let p(f) = 3*f + 27. Let d be p(15). Let v be d/(-54)*(-3 + 0). Let u(c) be the second derivative of c**3/2 + c**2/2 + c. What is u(v)?
13
Let q be ((-285)/180 - 2/(-8))*45/(-12). Let d(x) = 21*x - 43. What is d(q)?
62
Let i(m) = -m**3 - m**2 + m + 5. Let n = 631 - 596. Let a be n/175 - 2/10. What is i(a)?
5
Let v(c) = -c**3 - 6*c**2 + 6*c + 5. Suppose 4*q - 92 = -28. Let f be (-158)/7 - (1734/(-119) - -15). Let m = f + q. Give v(m).
12
Let d = -6670 + 6675. Let c(m) be the second derivative of -m**5/20 + 5*m**4/12 + m**3/6 + 3*m**2 - m. Calculate c(d).
11
Let u(y) be the first derivative of -y**4/2 + y**3/3 - y**2 + y + 1. Let l(w) = -11*w**3 + 1 + 8*w**3 + w**2 - 2*w + 4*w**3. Let i be l(-2). Determine u(i).
-2
Let w(r) = 36*r**3 + 16*r**2 + 8*r - 11. Let g(x) = 12*x**3 + 6*x**2 + 3*x - 4. Let o = -76 + 68. Let m(k) = o*g(k) + 3*w(k). Give m(1).
11
Let n be (-3)/2*128/(-12). Let c be n - 7/(35/10). Suppose c - 2 = 4*x. Let w(m) = 2*m + 4. Calculate w(x).
10
Let f(u) be the third derivative of 29*u**2 - 1/24*u**4 + 1/60*u**5 + 1/6*u**3 + 1/60*u**6 + 0*u + 0. Let j be ((-6)/(-3))/1 - 0. Calculate f(j).
19
Let j = 3 + -5. Let g(w) be the first derivative of -1562*w + w**2 - 2 + 1562*w. Determine g(j).
-4
Let k(w) = -21*w**3 + 16*w**2 + 78*w - 27. Let p(s) = 8*s**3 - 5*s**2 - 28*s + 9. Let u(c) = -3*k(c) - 8*p(c). Determine u(-3).
-6
Suppose -5*o + 1956 = -2*l + 3*l, l = -o + 1952. Let h(w) = -1953*w + 35*w**2 - 8*w**2 + l*w + 1. Determine h(1).
26
Let a = 493 - 821. Let x = a - -333. Let o(n) = -n + 1. Let t(f) = f**2 - 8*f + 1. Let z(l) = 5*o(l) - t(l). Calculate z(x).
-6
Let v(q) = q - 6. Let o = 135 - 129. Let l be ((-2)/(-6))/((-2)/o) - -1. Suppose -33 = -5*k - l*w + 4*w, -5*k - 3*w + 19 = 0. What is v(k)?
-1
Let m = -185 - -187. Suppose 2*p = -0*p - m. Let i(v) = -21*v**2 + v. Give i(p).
-22
Let o(y) be the third derivative of y**6/120 - y**5/15 - y**4/24 + y**3/2 - 4*y**2 - 7*y. Suppose -6*c - 10 = 2. Let m = 2 - c. What is o(m)?
-1
Let a(u) = -3*u**2 + 2*u - 1. Let n(b) = 2*b**2 - 52*b + 6. Let j(m) = -2*a(m) - n(m). Give j(-12).
-4
Let m(n) = n**2 - 5*n - 3. Let w be 1/((-10)/(-48)*24/80). Let k be (2/(-8))/((-1)/w). Determine m(k).
-7
Let x(m) be the second derivative of 21*m + 1/720*m**6 + 0*m**2 + 1/3*m**4 + 1/40*m**5 + 0 + 0*m**3. Let w(a) be the third derivative of x(a). What is w(-9)?
-6
Let y(x) = -x**3 - 13*x**2 - 16*x - 3. Suppose 0 = 188*n + 128*n + 2844. Determine y(n).
-183
Suppose 14*m - 124 = 86. Let g(r) = -180 + m*r + 6*r + 181. Determine g(-1).
-20
Suppose 13*q + 944 = 5*c + 15*q, -2*c - 2*q = -374. Let s = c - 192. Let x(n) = 6*n**2 + 2*n + 3. Determine x(s).
23
Let y(d) = d - d + 0*d**2 - d**2 + 1. Let f(l) = -l**2 + 17*l + 16. Suppose 4*w - 50 = 22. Let z be f(w). Give y(z).
-3
Let t = 273 - 297. Let l be 176/t*(-24)/16. Let x(u) = u**2 - 12*u + 13. Calculate x(l).
2
Let c(u) = -4*u**3 - 41*u**2 - 48*u - 28. Let i be c(-9). Let o(p) = -p**2 + p + 1. Determine o(i).
-1
Let c(s) be the first derivative of -13*s**3/3 - s**2 - s + 1. Let z be (77/(-14) + -5)/(1/(-2)). Suppose 0*a - 4*r + z = -a, 0 = 4*a + 2*r - 6. Determine c(a).
-12
Let k be 1*-2*1*(-12)/8. Let h(p) = 44*p**2 - 23*p**2 - 4 - k*p - 17*p**2 - p**3. Determine h(4).
-16
Let y(t) = -7*t**2 + 5*t - 155. Let g(d) = -15*d**2 + 15*d - 310. Let m(j) = -6*g(j) + 13*y(j). Determine m(-10).
-5
Let i be 3/(-8)*(-24 - (-14 - 2)). Let z(n) be the first derivative of 2/3*n**i + 0*n + n**2 - 1. Calculate z(-3).
12
Let z(u) = 562*u**2 - 2*u - 557*u**2 + 3*u. Let i(y) be the second derivative of y**4/12 - y**3/2 - y**2/2 + 22*y. Let k be i(3). Calculate z(k).
4
Let g(l) = 20*l**2 + l - 11*l - 8*l**2 - 7*l + 8*l - 12 + 6*l**3. Let z(f) = f**3 + f**2. Suppose 23 - 3 = 4*c. Let b(r) = c*z(r) - g(r). What is b(-8)?
4
Let w(d) = -3*d + 10. Let l = -2991 - -2994. What is w(l)?
1
Let u(l) = 3*l - 3. Suppose -5*x - 4 = -z - 26, 0 = -5*z - 2*x + 52. Calculate u(z).
21
Let b(y) be the first derivative of y**4/2 - 13*y**3/3 - 4*y**2 + 16*y + 526. What is b(7)?
9
Let o(v) = -v**2 - 2*v + 8. Let c(r) = -r**3 - 7*r**2 - 9*r. Let g be ((-65)/26)/(2/4). Let t be c(g). Give o(t).
-7
Let i be (12 + 0)*(-27)/(-81). Let o(a) = -7 + 5 + a + 2 + a**3 - 6*a**2. Calculate o(i).
-28
Let o(q) be the first derivative of -q**6/60 - q**5/30 + q**4/12 + q**3/6 + q**2 + 2*q + 83. Let i(u) be the second derivative of o(u). Determine i(-2).
5
Let a = 84 + -75. Let f(z) = 2*z + 2. Suppose -4*u + 0*u + 16 = 0. Let k(j) = -5*j - 4. Let d(g) = a*f(g) + u*k(g). Determine d(-2).
6
Let i(s) = 10*s**2 + 6 - 29*s**3 + 2*s**2 - 7*s**3 - 2*s**2 + 37*s**3 + 22*s. Determine i(-7).
-1
Let u(b) = -2*b**2 - 47*b - 308. Let x be u(-12). Let f(v) = 3*v**2 + 98*v + 63. Determine f(x).
-1
Let w(g) = g**2 - 